{"id":997,"date":"2020-05-08T11:22:33","date_gmt":"2020-05-08T09:22:33","guid":{"rendered":"http:\/\/sfassisf.com\/?page_id=997"},"modified":"2021-08-09T08:43:57","modified_gmt":"2021-08-09T06:43:57","slug":"covid-19","status":"publish","type":"page","link":"https:\/\/sfassisf.com\/?page_id=997","title":{"rendered":"COVID-19"},"content":{"rendered":"\n<p>Ateses les cont\u00ednues, i a vegades contradict\u00f2ries, informacions que arriben a trav\u00e9s dels mitjans de comunicaci\u00f3, us adrecem a la web oficial de la Conselleria d&#8217;Educaci\u00f3. All\u00e0 hi podreu trobar les darreres informacions referents a la situaci\u00f3 excepcional que estem vivint, aix\u00ed com les novetats referents a educaci\u00f3.<\/p>\n\n\n\n<p><a href=\"http:\/\/www.caib.es\/sites\/educaciocovid\/ca\/inici\/\" data-type=\"URL\" data-id=\"http:\/\/www.caib.es\/sites\/educaciocovid\/ca\/inici\/\" target=\"_blank\" rel=\"noreferrer noopener\">GOIB -Conselleria d&#8217;Educaci\u00f3, Universitat i Recerca<\/a><\/p>\n","protected":false},"excerpt":{"rendered":"<p>Ateses les cont\u00ednues, i a vegades contradict\u00f2ries, informacions que arriben a trav\u00e9s dels mitjans de comunicaci\u00f3, us adrecem a la web oficial de la Conselleria d&#8217;Educaci\u00f3. All\u00e0 hi podreu trobar les darreres informacions referents a la situaci\u00f3 excepcional que estem vivint, aix\u00ed com les novetats referents a educaci\u00f3. GOIB -Conselleria d&#8217;Educaci\u00f3, Universitat i Recerca<\/p>\n","protected":false},"author":1,"featured_media":0,"parent":0,"menu_order":0,"comment_status":"closed","ping_status":"closed","template":"","meta":{"ngg_post_thumbnail":0},"jetpack_sharing_enabled":true,"jetpack_shortlink":"https:\/\/wp.me\/P9f2GC-g5","jetpack-related-posts":[{"id":81,"url":"https:\/\/sfassisf.com\/?page_id=81","url_meta":{"origin":997,"position":0},"title":"ICAPE (Cooperativa escolar)","date":"18\/07\/2017","format":false,"excerpt":"Un curs m\u00e9s, l'alumnat de 5\u00e8 de prim\u00e0ria ens hem adherit al programa ICAPE sobre emprenedoria.\u00a0 ICAPE \u00e9s un projecte educatiu que impulsa els valors de la persona, les capacitats emprenedores i familiaritza els estudiants amb el concepte de responsabilitat social. L\u2019objectiu general d\u2019ICAPE \u00e9s aconseguir que els alumnes millorin\u2026","rel":"","context":"Similar post","img":{"alt_text":"","src":"","width":0,"height":0},"classes":[]},{"id":936,"url":"https:\/\/sfassisf.com\/?page_id=936","url_meta":{"origin":997,"position":1},"title":"Projecte d&#8217;etapa","date":"22\/10\/2019","format":false,"excerpt":"Cada curs, l'etapa d'Educaci\u00f3 Prim\u00e0ria engega un projecte com\u00fa en el que cada curs hi treballa de forma particular. Aquest curs 2021\/2022, i a partir del lema \"Treu la m\u00e0gia del teu cor\", es podran treballar les emocions de forma molt particular. Aquest lema tamb\u00e9 servir\u00e0 per fer les reflexions\u2026","rel":"","context":"Similar post","img":{"alt_text":"","src":"https:\/\/i0.wp.com\/sfassisf.com\/wp-content\/uploads\/2021\/09\/Treu-la-ma\u0300gia-del-teu-cor-copia.png?resize=350%2C200&ssl=1","width":350,"height":200},"classes":[]},{"id":1097,"url":"https:\/\/sfassisf.com\/?page_id=1097","url_meta":{"origin":997,"position":2},"title":"Proc\u00e9s d&#8217;escolaritzaci\u00f3","date":"17\/05\/2021","format":false,"excerpt":"Cartell del proc\u00e9s de Preinscripci\u00f3 Vacants pel curs 2021\/2022 Lloc web de la Conselleria pels tr\u00e0mits.","rel":"","context":"Similar post","img":{"alt_text":"","src":"","width":0,"height":0},"classes":[]},{"id":54,"url":"https:\/\/sfassisf.com\/?page_id=54","url_meta":{"origin":997,"position":3},"title":"Oferta educativa","date":"18\/07\/2017","format":false,"excerpt":"La nostra escola t\u00e9 el privilegi de poder oferir l'ensenyament obligatori en la seva totalitat. \u00c9s a dir, desde l'etapa d'educaci\u00f3 infantil fins a la finalitzaci\u00f3 de la ESO. Les tutories queden establertes de la seg\u00fcent forma per al curs 2025\/2026: Educaci\u00f3 Infantil\u00a03-6 (EI) Tutora\u00a0P3 \u2192 Marga Janer Mart\u00ed Tutora\u00a0P4\u2026","rel":"","context":"Similar post","img":{"alt_text":"","src":"","width":0,"height":0},"classes":[]},{"id":510,"url":"https:\/\/sfassisf.com\/?page_id=510","url_meta":{"origin":997,"position":4},"title":"Festivals","date":"28\/05\/2018","format":false,"excerpt":"La nostra escola promou l'expressi\u00f3 art\u00edstica des de moltes vessants diferents, encara que destaquem especialment la import\u00e0ncia de donar a con\u00e8ixer les habilitats adquirides o treballades dins l'horari lectiu. Consideram que l'expressi\u00f3 art\u00edstica \u00e9s fonamental per a la formaci\u00f3 integral de la persona i que li hem de donar cabuda\u2026","rel":"","context":"Similar post","img":{"alt_text":"","src":"","width":0,"height":0},"classes":[]},{"id":506,"url":"https:\/\/sfassisf.com\/?page_id=506","url_meta":{"origin":997,"position":5},"title":"Viatges escolars","date":"19\/09\/2023","format":false,"excerpt":"La nostra escola t\u00e9 establerts, de fa molts anys, dos viatges escolars. Aquests viatges tenen lloc en finalitzar les dues etapes educatives de Prim\u00e0ria i Secund\u00e0ria. Viatge de 6\u00e8 de Prim\u00e0ria L\u2019alumnat de 6\u00e8,\u00a0 que espera aquest viatge amb il\u00b7lusi\u00f3, t\u00e9 l\u2019oportunitat de gaudir de les activitats educatives proposades per\u2026","rel":"","context":"Similar post","img":{"alt_text":"","src":"","width":0,"height":0},"classes":[]}],"_links":{"self":[{"href":"https:\/\/sfassisf.com\/index.php?rest_route=\/wp\/v2\/pages\/997"}],"collection":[{"href":"https:\/\/sfassisf.com\/index.php?rest_route=\/wp\/v2\/pages"}],"about":[{"href":"https:\/\/sfassisf.com\/index.php?rest_route=\/wp\/v2\/types\/page"}],"author":[{"embeddable":true,"href":"https:\/\/sfassisf.com\/index.php?rest_route=\/wp\/v2\/users\/1"}],"replies":[{"embeddable":true,"href":"https:\/\/sfassisf.com\/index.php?rest_route=%2Fwp%2Fv2%2Fcomments&post=997"}],"version-history":[{"count":3,"href":"https:\/\/sfassisf.com\/index.php?rest_route=\/wp\/v2\/pages\/997\/revisions"}],"predecessor-version":[{"id":1139,"href":"https:\/\/sfassisf.com\/index.php?rest_route=\/wp\/v2\/pages\/997\/revisions\/1139"}],"wp:attachment":[{"href":"https:\/\/sfassisf.com\/index.php?rest_route=%2Fwp%2Fv2%2Fmedia&parent=997"}],"curies":[{"name":"wp","href":"https:\/\/api.w.org\/{rel}","templated":true}]}}